{"id":2495,"date":"2020-12-29T14:55:09","date_gmt":"2020-12-29T12:55:09","guid":{"rendered":"https:\/\/illadelstrails.com\/?page_id=2495"},"modified":"2024-02-02T11:38:05","modified_gmt":"2024-02-02T09:38:05","slug":"programa-nocturna","status":"publish","type":"page","link":"https:\/\/illadelstrails.com\/ca\/programa-nocturna\/","title":{"rendered":"Programa"},"content":{"rendered":"<p><\/p>\n<h3><span style=\"color: #b8cd25;\"><strong>Dijous 26 de setembre de 2024<\/strong><\/span><\/h3>\n<p><strong>Recollida de dorsals pels atletes que ho van demanar en el moment de la inscripci\u00f3.<\/strong><\/p>\n<p><span style=\"color: #b8cd25;\">Poliesportiu Municipal de Sant Llu\u00eds<\/span><br \/>\nDe 8.00 a 14.00 hores<br \/>\nDe 15.30 a 23.00 hores<\/p>\n<p><span style=\"color: #b8cd25;\">Poliesportiu Municipal des Mercadal<\/span><br \/>\nDe 8.00 a 13.00 hores<br \/>\nDe 16.00 a 22.00 hores<\/p>\n<p><span style=\"color: #b8cd25;\">Piscina Municipal de Ciutadella<\/span><br \/>\nDe 7.00 a 14.30 hores<br \/>\nDe 15.30 a 22.00 hores<\/p>\n<p><span style=\"color: #b8cd25;\">Poliesportiu Municipal d&#8217;Alaior<\/span><br \/>\nDe 7.00 a 12.00 hores<br \/>\nDe 16.30 a 21.30 hores<\/p>\n<p><span style=\"color: #b8cd25;\">Biosport Mar\u00edtim de Ma\u00f3<\/span><br \/>\nDe 8.00 a 13.00 hores<br \/>\nDe 16.00 a 21.00 hores<\/p>\n<p><span style=\"color: #b8cd25;\">Poliesportiu Municipal des Migjorn Gran<\/span><br \/>\nDe 8.30 a 12.30 hores<br \/>\nDe 15.30 a 22.00 hores<\/p>\n<h3><span style=\"color: #b8cd25;\"><strong>Divendres 27 de setembre de 202<\/strong><\/span><span style=\"color: #b8cd25;\"><strong>4<\/strong><\/span><\/h3>\n<p><strong>Recollida de dorsals pels atletes que ho van demanar en el moment de la inscripci\u00f3.<\/strong><\/p>\n<p><span style=\"color: #b8cd25;\">Poliesportiu Municipal de Sant Llu\u00eds<\/span><br \/>\nDe 8.00 a 14.00 hores<br \/>\nDe 15.30 a 23.00 hores<\/p>\n<p><span style=\"color: #b8cd25;\">Poliesportiu Municipal des Mercadal<\/span><br \/>\nDe 8.00 a 13.00 hores<br \/>\nDe 16.00 a 22.00 hores<\/p>\n<p><span style=\"color: #b8cd25;\">Piscina Municipal de Ciutadella<\/span><br \/>\nDe 7.00 a 14.30 hores<br \/>\nDe 15.30 a 22.00 hores<\/p>\n<p><span style=\"color: #b8cd25;\">Poliesportiu Municipal d&#8217;Alaior<\/span><br \/>\nDe 7.00 a 12.00 hores<br \/>\nDe 16.30 a 21.30 hores<\/p>\n<p><span style=\"color: #b8cd25;\">Biosport Mar\u00edtim de Ma\u00f3<\/span><br \/>\nDe 8.00 a 13.00 hores<br \/>\nDe 16.00 a 21.00 hores<\/p>\n<p><span style=\"color: #b8cd25;\">Poliesportiu Municipal des Migjorn Gran<\/span><br \/>\nDe 8.30 a 12.30 hores<br \/>\nDe 15.30 a 22.00 hores<\/p>\n<h3><span style=\"color: #b8cd25;\">Dissabte 28 de setembre de 2024<\/span><\/h3>\n<p><span style=\"color: #b8cd25;\"><strong>De 13.00 a 18.00 hores<\/strong><\/span><br \/>\nEntrega de dorsals a <a href=\"https:\/\/www.google.es\/maps\/place\/39%C2%B053'21.4%22N+4%C2%B016'31.6%22E\/@39.8892791,4.2743547,18z\/data=!3m1!4b1!4m6!3m5!1s0x0:0xcc92a0e5a00f078e!7e2!8m2!3d39.8892767!4d4.2754486\">Biosport Mar\u00edtimo,<\/a> a Ma\u00f3.<\/p>\n<p><span style=\"color: #b8cd25;\"><strong>19.00 hores<\/strong><\/span><br \/>\nSortida del bus des de Base San Isidro cap al Far de Fav\u00e0ritx*.<\/p>\n<p><span style=\"color: #b8cd25;\"><strong>20.00 hores<\/strong><\/span><br \/>\nSortida del bus des de la Base de San Isidro cap a Es Grau*.<\/p>\n<p><span style=\"color: #b8cd25;\"><strong>20.00 hores<\/strong><\/span><br \/>\nInici de la Trail dels Fars Nocturna \u2013 23KM des del Far de Fav\u00e0ritx.<\/p>\n<p><span style=\"color: #b8cd25;\"><strong>21.00 hores<\/strong><\/span><br \/>\nInici de la Cursa Popular \u2013 13 KM des del camp de futbol de Es Grau.<\/p>\n<p><span style=\"color: #b8cd25;\"><strong>22.30 hores<\/strong><\/span><br \/>\nEntrega de trofeus en la base militar de San Isidro de Mah\u00f3.<\/p>\n<p><em><strong>*<\/strong> El bus est\u00e0 incl\u00f2s en el preu d&#8217;inscripci\u00f3. En la sortida de Fav\u00e0ritx solament es podr\u00e0 accedir al far en els busos de l&#8217;organitzaci\u00f3. \u00c9s OBLIGATORI agafar-los.\u00a0<\/em><\/p>","protected":false},"excerpt":{"rendered":"<p>Dijous 26 de setembre de 2024 Recollida de dorsals pels atletes que ho van demanar en el moment de la inscripci\u00f3. Poliesportiu Municipal de Sant Llu\u00eds De 8.00 a 14.00 hores De 15.30 a 23.00 hores Poliesportiu Municipal des Mercadal De 8.00 a 13.00 hores De 16.00 a 22.00 hores Piscina Municipal de Ciutadella De [&hellip;]<\/p>\n","protected":false},"author":1,"featured_media":0,"parent":0,"menu_order":0,"comment_status":"closed","ping_status":"closed","template":"","meta":{"spay_email":"","footnotes":""},"class_list":["post-2495","page","type-page","status-publish","hentry"],"acf":[],"jetpack-related-posts":[{"id":2715,"url":"https:\/\/illadelstrails.com\/ca\/programa-trail-del-nord\/","url_meta":{"origin":2495,"position":0},"title":"Programa","date":"8 February, 2021","format":false,"excerpt":"Dimecres 11 de mar\u00e7 de 2026 Recollida de dorsals pels atletes que ho van demanar al moment de la inscripci\u00f3. Poliesportiu Municipal de Sant Lluis De 8:00 a 14:00 hores De 15:30 a 23:00 hores Poliesportiu Municipal des Mercadal De 8:00 a 13:00 hores De 16:00 a 22:00 hores Piscina\u2026","rel":"","context":"Similar post","img":{"alt_text":"","src":"","width":0,"height":0},"classes":[]},{"id":2563,"url":"https:\/\/illadelstrails.com\/ca\/reglamento-trail-dels-barrancs\/","url_meta":{"origin":2495,"position":1},"title":"Reglament","date":"31 December, 2020","format":false,"excerpt":"Art 1.-El Trail dels Barrancs est\u00e0 organitzada per Xtrem Menorca Atletisme, i coordinat per Elitechip SL i Biosport Menorca. Art 2.- El Trail dels Barrancs es disputar\u00e0 el 24 d'abril de 2022 i constar\u00e0 de 3 proves, la Trail dels Barrancs (38 km) amb sortida i arribada en el municipi\u2026","rel":"","context":"Similar post","img":{"alt_text":"","src":"","width":0,"height":0},"classes":[]},{"id":1528,"url":"https:\/\/illadelstrails.com\/ca\/programa-trail-dels-fars\/","url_meta":{"origin":2495,"position":2},"title":"Programa","date":"21 December, 2020","format":false,"excerpt":"Dijous 29 de gener de 2025 Recollida de dorsals pels atletas que ho van demanar al moment de la inscripci\u00f3. Poliesportiu Municipal de Ma\u00f3 De 17.00 a 19.30 horas. Divendres 30 de gener de 2025 Recollida de dorsals pels atletas que ho van demanar al moment de la inscripci\u00f3. Poliesportiu\u2026","rel":"","context":"Similar post","img":{"alt_text":"","src":"","width":0,"height":0},"classes":[]},{"id":2704,"url":"https:\/\/illadelstrails.com\/ca\/carrera-trail-del-nord\/","url_meta":{"origin":2495,"position":3},"title":"Carrera","date":"8 February, 2021","format":false,"excerpt":"[vc_row full_width=\"stretch_row_content_no_spaces\" uniqid=\"5cd01026a5478\"][vc_column][\/vc_column][\/vc_row][vc_row full_width=\"stretch_row\" content_color=\"light\" css=\".vc_custom_1558330186888{padding-top: 85px !important;padding-bottom: 100px !important;}\" uniqid=\"5cd03094e1883\"][vc_column css_animation=\"fadeInLeft\" width=\"1\/2\" parallax=\"\" uniqid=\"5ce272ecf602a\"][vc_single_image image=\"2705\" img_size=\"full\"][\/vc_column][vc_column css_animation=\"fadeInRight\" width=\"1\/2\" parallax=\"\" uniqid=\"5ce272f7bc581\"][\/vc_column][\/vc_row][vc_row full_width=\"stretch_row\" background_parallax=\"on\" background_parallax_speed=\"0.8\" content_color=\"light\" bg_overlay=\"on\" color_overlay=\"\" gradient_overlay=\"\" uniqid=\"5cd122168957c\" background_image=\"2068\" overlay_bottom_offset=\"60\" css=\".vc_custom_1617375407315{padding-top: 30px !important;}\"][vc_column][\/vc_column][\/vc_row][vc_row full_width=\"stretch_row\" background_parallax=\"on\" background_parallax_speed=\"0.8\" content_color=\"light\" bg_overlay=\"on\" color_overlay=\"\" gradient_overlay=\"\" overlay_bottom_offset=\"60\" css=\".vc_custom_1642449605134{padding-top: 30px !important;}\" uniqid=\"61e5cab8c795e\"][vc_column][\/vc_column][\/vc_row][vc_row full_width=\"stretch_row\" content_color=\"light\" css=\".vc_custom_1557210858199{padding-bottom: 70px\u2026","rel":"","context":"Similar post","img":{"alt_text":"","src":"","width":0,"height":0},"classes":[]},{"id":1426,"url":"https:\/\/illadelstrails.com\/ca\/carrera-trail-dels-fars\/","url_meta":{"origin":2495,"position":4},"title":"Cursa","date":"12 December, 2020","format":false,"excerpt":"[vc_row full_width=\"stretch_row_content_no_spaces\" uniqid=\"5cd01026a5478\"][vc_column][\/vc_column][\/vc_row][vc_row full_width=\"stretch_row\" content_color=\"light\" css=\".vc_custom_1558330186888{padding-top: 85px !important;padding-bottom: 100px !important;}\" uniqid=\"5cd03094e1883\"][vc_column css_animation=\"fadeInLeft\" width=\"1\/2\" parallax=\"\" uniqid=\"5ce272ecf602a\"][vc_single_image image=\"3368\" img_size=\"full\"][\/vc_column][vc_column css_animation=\"fadeInRight\" width=\"1\/2\" parallax=\"\" uniqid=\"5ce272f7bc581\"][\/vc_column][\/vc_row][vc_row full_width=\"stretch_row\" background_parallax=\"on\" background_parallax_speed=\"0.8\" content_color=\"light\" bg_overlay=\"on\" color_overlay=\"\" gradient_overlay=\"\" uniqid=\"5cd122168957c\" background_image=\"1445\" overlay_bottom_offset=\"60\" css=\".vc_custom_1608285756968{padding-top: 30px !important;}\"][vc_column][\/vc_column][\/vc_row][vc_row full_width=\"stretch_row\" content_color=\"light\" bg_overlay=\"\" css=\".vc_custom_1608290197506{padding-top: 40px !important;padding-bottom: 40px !important;}\" uniqid=\"5cd1243cf84a7\"][vc_column][\/vc_column][\/vc_row][vc_row full_width=\"stretch_row\" content_color=\"light\" css=\".vc_custom_1557210858199{padding-bottom: 70px !important;}\" uniqid=\"5cc2c71703dd1\"][vc_column][\/vc_column][\/vc_row][vc_row][vc_column][\/vc_column][\/vc_row]","rel":"","context":"Similar post","img":{"alt_text":"","src":"","width":0,"height":0},"classes":[]},{"id":2717,"url":"https:\/\/illadelstrails.com\/ca\/reglamento-trail-del-nord\/","url_meta":{"origin":2495,"position":5},"title":"Reglament","date":"8 February, 2021","format":false,"excerpt":"Art 1.-El Trail del Nord est\u00e0 organitzat per Elitechip SL. Art 2.- El Trail del Nord es disputar\u00e0 el 14 de mar\u00e7 de 2026 i constar\u00e0 de 2 proves, la Trail del Nord (30 km) amb sortida des del creuament del Cam\u00ed de Tramuntana al cam\u00ed que va a Binimel\u00b7la\u2026","rel":"","context":"Similar post","img":{"alt_text":"","src":"","width":0,"height":0},"classes":[]}],"_links":{"self":[{"href":"https:\/\/illadelstrails.com\/ca\/wp-json\/wp\/v2\/pages\/2495"}],"collection":[{"href":"https:\/\/illadelstrails.com\/ca\/wp-json\/wp\/v2\/pages"}],"about":[{"href":"https:\/\/illadelstrails.com\/ca\/wp-json\/wp\/v2\/types\/page"}],"author":[{"embeddable":true,"href":"https:\/\/illadelstrails.com\/ca\/wp-json\/wp\/v2\/users\/1"}],"replies":[{"embeddable":true,"href":"https:\/\/illadelstrails.com\/ca\/wp-json\/wp\/v2\/comments?post=2495"}],"version-history":[{"count":27,"href":"https:\/\/illadelstrails.com\/ca\/wp-json\/wp\/v2\/pages\/2495\/revisions"}],"predecessor-version":[{"id":5389,"href":"https:\/\/illadelstrails.com\/ca\/wp-json\/wp\/v2\/pages\/2495\/revisions\/5389"}],"wp:attachment":[{"href":"https:\/\/illadelstrails.com\/ca\/wp-json\/wp\/v2\/media?parent=2495"}],"curies":[{"name":"wp","href":"https:\/\/api.w.org\/{rel}","templated":true}]}}

<p></p>
<h3><span style="color: #b8cd25;"><strong>Dijous 26 de setembre de 2024</strong></span></h3>
<p><strong>Recollida de dorsals pels atletes que ho van demanar en el moment de la inscripció.</strong></p>
<p><span style="color: #b8cd25;">Poliesportiu Municipal de Sant Lluís</span><br />
De 8.00 a 14.00 hores<br />
De 15.30 a 23.00 hores</p>
<p><span style="color: #b8cd25;">Poliesportiu Municipal des Mercadal</span><br />
De 8.00 a 13.00 hores<br />
De 16.00 a 22.00 hores</p>
<p><span style="color: #b8cd25;">Piscina Municipal de Ciutadella</span><br />
De 7.00 a 14.30 hores<br />
De 15.30 a 22.00 hores</p>
<p><span style="color: #b8cd25;">Poliesportiu Municipal d&#8217;Alaior</span><br />
De 7.00 a 12.00 hores<br />
De 16.30 a 21.30 hores</p>
<p><span style="color: #b8cd25;">Biosport Marítim de Maó</span><br />
De 8.00 a 13.00 hores<br />
De 16.00 a 21.00 hores</p>
<p><span style="color: #b8cd25;">Poliesportiu Municipal des Migjorn Gran</span><br />
De 8.30 a 12.30 hores<br />
De 15.30 a 22.00 hores</p>
<h3><span style="color: #b8cd25;"><strong>Divendres 27 de setembre de 202</strong></span><span style="color: #b8cd25;"><strong>4</strong></span></h3>
<p><strong>Recollida de dorsals pels atletes que ho van demanar en el moment de la inscripció.</strong></p>
<p><span style="color: #b8cd25;">Poliesportiu Municipal de Sant Lluís</span><br />
De 8.00 a 14.00 hores<br />
De 15.30 a 23.00 hores</p>
<p><span style="color: #b8cd25;">Poliesportiu Municipal des Mercadal</span><br />
De 8.00 a 13.00 hores<br />
De 16.00 a 22.00 hores</p>
<p><span style="color: #b8cd25;">Piscina Municipal de Ciutadella</span><br />
De 7.00 a 14.30 hores<br />
De 15.30 a 22.00 hores</p>
<p><span style="color: #b8cd25;">Poliesportiu Municipal d&#8217;Alaior</span><br />
De 7.00 a 12.00 hores<br />
De 16.30 a 21.30 hores</p>
<p><span style="color: #b8cd25;">Biosport Marítim de Maó</span><br />
De 8.00 a 13.00 hores<br />
De 16.00 a 21.00 hores</p>
<p><span style="color: #b8cd25;">Poliesportiu Municipal des Migjorn Gran</span><br />
De 8.30 a 12.30 hores<br />
De 15.30 a 22.00 hores</p>
<h3><span style="color: #b8cd25;">Dissabte 28 de setembre de 2024</span></h3>
<p><span style="color: #b8cd25;"><strong>De 13.00 a 18.00 hores</strong></span><br />
Entrega de dorsals a <a href="https://www.google.es/maps/place/39%C2%B053'21.4%22N+4%C2%B016'31.6%22E/@39.8892791,4.2743547,18z/data=!3m1!4b1!4m6!3m5!1s0x0:0xcc92a0e5a00f078e!7e2!8m2!3d39.8892767!4d4.2754486">Biosport Marítimo,</a> a Maó.</p>
<p><span style="color: #b8cd25;"><strong>19.00 hores</strong></span><br />
Sortida del bus des de Base San Isidro cap al Far de Favàritx*.</p>
<p><span style="color: #b8cd25;"><strong>20.00 hores</strong></span><br />
Sortida del bus des de la Base de San Isidro cap a Es Grau*.</p>
<p><span style="color: #b8cd25;"><strong>20.00 hores</strong></span><br />
Inici de la Trail dels Fars Nocturna – 23KM des del Far de Favàritx.</p>
<p><span style="color: #b8cd25;"><strong>21.00 hores</strong></span><br />
Inici de la Cursa Popular – 13 KM des del camp de futbol de Es Grau.</p>
<p><span style="color: #b8cd25;"><strong>22.30 hores</strong></span><br />
Entrega de trofeus en la base militar de San Isidro de Mahó.</p>
<p><em><strong>*</strong> El bus està inclòs en el preu d&#8217;inscripció. En la sortida de Favàritx solament es podrà accedir al far en els busos de l&#8217;organització. És OBLIGATORI agafar-los. </em></p>

<p>Dijous 26 de setembre de 2024 Recollida de dorsals pels atletes que ho van demanar en el moment de la inscripció. Poliesportiu Municipal de Sant Lluís De 8.00 a 14.00 hores De 15.30 a 23.00 hores Poliesportiu Municipal des Mercadal De 8.00 a 13.00 hores De 16.00 a 22.00 hores Piscina Municipal de Ciutadella De [&hellip;]</p>

Dimecres 11 de març de 2026 Recollida de dorsals pels atletes que ho van demanar al moment de la inscripció. Poliesportiu Municipal de Sant Lluis De 8:00 a 14:00 hores De 15:30 a 23:00 hores Poliesportiu Municipal des Mercadal De 8:00 a 13:00 hores De 16:00 a 22:00 hores Piscina…

Art 1.-El Trail dels Barrancs està organitzada per Xtrem Menorca Atletisme, i coordinat per Elitechip SL i Biosport Menorca. Art 2.- El Trail dels Barrancs es disputarà el 24 d'abril de 2022 i constarà de 3 proves, la Trail dels Barrancs (38 km) amb sortida i arribada en el municipi…

Dijous 29 de gener de 2025 Recollida de dorsals pels atletas que ho van demanar al moment de la inscripció. Poliesportiu Municipal de Maó De 17.00 a 19.30 horas. Divendres 30 de gener de 2025 Recollida de dorsals pels atletas que ho van demanar al moment de la inscripció. Poliesportiu…

Art 1.-El Trail del Nord està organitzat per Elitechip SL. Art 2.- El Trail del Nord es disputarà el 14 de març de 2026 i constarà de 2 proves, la Trail del Nord (30 km) amb sortida des del creuament del Camí de Tramuntana al camí que va a Binimel·la…
